{"id":57,"date":"2024-04-25T17:12:18","date_gmt":"2024-04-25T17:12:18","guid":{"rendered":"https:\/\/drvosan.hr\/?page_id=57"},"modified":"2024-05-02T15:47:48","modified_gmt":"2024-05-02T15:47:48","slug":"kuhinje","status":"publish","type":"page","link":"https:\/\/drvosan.hr\/index.php\/kuhinje\/","title":{"rendered":"Kuhinje"},"content":{"rendered":"\n<p><strong>KUHINJE PO MJERI<\/strong><\/p>\n\n\n\n<p>Kuhinje po mjeri najbolje su rje\u0161enje za ure\u0111enje Va\u0161eg doma. Izra\u0111ujemo kuhinje po va\u0161im \u017eeljama i mjerama od \u0161perplo\u010de, punog drveta i iverala.<\/p>\n\n\n\n<p>Kuhinje po mjeri izra\u0111ene su od visokokvalitetnih materijala, okova i namje\u0161taja koji su precizno izra\u0111eni.<\/p>\n\n\n\n<p><strong>Nudimo Vam kompletan kuhinjski program:<\/strong><\/p>\n\n\n\n<ul class=\"wp-block-list\">\n<li>Univer elemeniti<\/li>\n\n\n\n<li>Razli\u010dite radne povr\u0161ine (radne plo\u010de sa zaobljenim, postforming, compact, kerok)<\/li>\n\n\n\n<li>Razni aluminijski okviri sa staklenim ispunama<\/li>\n\n\n\n<li>Sudoperi i slavine renomiranih proizvo\u0111a\u010da<\/li>\n\n\n\n<li>Najsuvremeniji sustavi ladica i podiznih mehanizama za vrata<\/li>\n<\/ul>\n\n\n\n<div style=\"height:27px\" aria-hidden=\"true\" class=\"wp-block-spacer\"><\/div>\n\n\n\n<figure class=\"wp-block-gallery has-nested-images columns-4 wp-block-gallery-1 is-layout-flex wp-block-gallery-is-layout-flex\">\n<figure class=\"wp-block-image size-full\"><a href=\"https:\/\/drvosan.hr\/wp-content\/uploads\/2024\/05\/Kuhinja-11.jpg\" target=\"_blank\" rel=\"noopener\" data-rel=\"lightbox-image-0\" data-rl_title=\"\" data-rl_caption=\"\" title=\"\"><img loading=\"lazy\" decoding=\"async\" width=\"1214\" height=\"1197\" data-id=\"480\" src=\"https:\/\/drvosan.hr\/wp-content\/uploads\/2024\/05\/Kuhinja-11.jpg\" alt=\"\" class=\"wp-image-480\" srcset=\"https:\/\/drvosan.hr\/wp-content\/uploads\/2024\/05\/Kuhinja-11.jpg 1214w, https:\/\/drvosan.hr\/wp-content\/uploads\/2024\/05\/Kuhinja-11-300x296.jpg 300w, https:\/\/drvosan.hr\/wp-content\/uploads\/2024\/05\/Kuhinja-11-1024x1010.jpg 1024w\" sizes=\"auto, (max-width: 1214px) 100vw, 1214px\" \/><\/a><\/figure>\n\n\n\n<figure class=\"wp-block-image size-full\"><a href=\"https:\/\/drvosan.hr\/wp-content\/uploads\/2024\/05\/Kuh-1.jpg\" target=\"_blank\" rel=\"noopener\" data-rel=\"lightbox-image-1\" data-rl_title=\"\" data-rl_caption=\"\" title=\"\"><img loading=\"lazy\" decoding=\"async\" width=\"1536\" height=\"2048\" data-id=\"478\" src=\"https:\/\/drvosan.hr\/wp-content\/uploads\/2024\/05\/Kuh-1.jpg\" alt=\"\" class=\"wp-image-478\" srcset=\"https:\/\/drvosan.hr\/wp-content\/uploads\/2024\/05\/Kuh-1.jpg 1536w, https:\/\/drvosan.hr\/wp-content\/uploads\/2024\/05\/Kuh-1-225x300.jpg 225w, https:\/\/drvosan.hr\/wp-content\/uploads\/2024\/05\/Kuh-1-768x1024.jpg 768w\" sizes=\"auto, (max-width: 1536px) 100vw, 1536px\" \/><\/a><\/figure>\n\n\n\n<figure class=\"wp-block-image size-full\"><a href=\"https:\/\/drvosan.hr\/wp-content\/uploads\/2024\/05\/Kuh-2.jpg\" target=\"_blank\" rel=\"noopener\" data-rel=\"lightbox-image-2\" data-rl_title=\"\" data-rl_caption=\"\" title=\"\"><img loading=\"lazy\" decoding=\"async\" width=\"1536\" height=\"2048\" data-id=\"479\" src=\"https:\/\/drvosan.hr\/wp-content\/uploads\/2024\/05\/Kuh-2.jpg\" alt=\"\" class=\"wp-image-479\" srcset=\"https:\/\/drvosan.hr\/wp-content\/uploads\/2024\/05\/Kuh-2.jpg 1536w, https:\/\/drvosan.hr\/wp-content\/uploads\/2024\/05\/Kuh-2-225x300.jpg 225w, https:\/\/drvosan.hr\/wp-content\/uploads\/2024\/05\/Kuh-2-768x1024.jpg 768w\" sizes=\"auto, (max-width: 1536px) 100vw, 1536px\" \/><\/a><\/figure>\n\n\n\n<figure class=\"wp-block-image size-full\"><a href=\"https:\/\/drvosan.hr\/wp-content\/uploads\/2024\/05\/1714664562365.jpg\" target=\"_blank\" rel=\"noopener\" data-rel=\"lightbox-image-3\" data-rl_title=\"\" data-rl_caption=\"\" title=\"\"><img loading=\"lazy\" decoding=\"async\" width=\"1536\" height=\"2048\" data-id=\"508\" src=\"https:\/\/drvosan.hr\/wp-content\/uploads\/2024\/05\/1714664562365.jpg\" alt=\"\" class=\"wp-image-508\" srcset=\"https:\/\/drvosan.hr\/wp-content\/uploads\/2024\/05\/1714664562365.jpg 1536w, https:\/\/drvosan.hr\/wp-content\/uploads\/2024\/05\/1714664562365-225x300.jpg 225w, https:\/\/drvosan.hr\/wp-content\/uploads\/2024\/05\/1714664562365-768x1024.jpg 768w\" sizes=\"auto, (max-width: 1536px) 100vw, 1536px\" \/><\/a><\/figure>\n\n\n\n<figure class=\"wp-block-image size-full\"><a href=\"https:\/\/drvosan.hr\/wp-content\/uploads\/2024\/05\/1714662861035.jpg\" data-rel=\"lightbox-image-4\" data-rl_title=\"\" data-rl_caption=\"\" title=\"\"><img loading=\"lazy\" decoding=\"async\" width=\"1504\" height=\"1814\" data-id=\"497\" src=\"https:\/\/drvosan.hr\/wp-content\/uploads\/2024\/05\/1714662861035.jpg\" alt=\"\" class=\"wp-image-497\" srcset=\"https:\/\/drvosan.hr\/wp-content\/uploads\/2024\/05\/1714662861035.jpg 1504w, https:\/\/drvosan.hr\/wp-content\/uploads\/2024\/05\/1714662861035-249x300.jpg 249w, https:\/\/drvosan.hr\/wp-content\/uploads\/2024\/05\/1714662861035-849x1024.jpg 849w\" sizes=\"auto, (max-width: 1504px) 100vw, 1504px\" \/><\/a><\/figure>\n\n\n\n<figure class=\"wp-block-image size-full\"><a href=\"https:\/\/drvosan.hr\/wp-content\/uploads\/2024\/05\/Kuh-8.jpg\" target=\"_blank\" rel=\"noopener\" data-rel=\"lightbox-image-5\" data-rl_title=\"\" data-rl_caption=\"\" title=\"\"><img loading=\"lazy\" decoding=\"async\" width=\"960\" height=\"720\" data-id=\"476\" src=\"https:\/\/drvosan.hr\/wp-content\/uploads\/2024\/05\/Kuh-8.jpg\" alt=\"\" class=\"wp-image-476\" srcset=\"https:\/\/drvosan.hr\/wp-content\/uploads\/2024\/05\/Kuh-8.jpg 960w, https:\/\/drvosan.hr\/wp-content\/uploads\/2024\/05\/Kuh-8-300x225.jpg 300w\" sizes=\"auto, (max-width: 960px) 100vw, 960px\" \/><\/a><\/figure>\n\n\n\n<figure class=\"wp-block-image size-full\"><a href=\"https:\/\/drvosan.hr\/wp-content\/uploads\/2024\/05\/1714664562351.jpg\" target=\"_blank\" rel=\"noopener\" data-rel=\"lightbox-image-6\" data-rl_title=\"\" data-rl_caption=\"\" title=\"\"><img loading=\"lazy\" decoding=\"async\" width=\"960\" height=\"720\" data-id=\"506\" src=\"https:\/\/drvosan.hr\/wp-content\/uploads\/2024\/05\/1714664562351.jpg\" alt=\"\" class=\"wp-image-506\" srcset=\"https:\/\/drvosan.hr\/wp-content\/uploads\/2024\/05\/1714664562351.jpg 960w, https:\/\/drvosan.hr\/wp-content\/uploads\/2024\/05\/1714664562351-300x225.jpg 300w\" sizes=\"auto, (max-width: 960px) 100vw, 960px\" \/><\/a><\/figure>\n\n\n\n<figure class=\"wp-block-image size-full\"><a href=\"https:\/\/drvosan.hr\/wp-content\/uploads\/2024\/05\/1714664562341.jpg\" target=\"_blank\" rel=\"noopener\" data-rel=\"lightbox-image-7\" data-rl_title=\"\" data-rl_caption=\"\" title=\"\"><img loading=\"lazy\" decoding=\"async\" width=\"960\" height=\"720\" data-id=\"507\" src=\"https:\/\/drvosan.hr\/wp-content\/uploads\/2024\/05\/1714664562341.jpg\" alt=\"\" class=\"wp-image-507\" srcset=\"https:\/\/drvosan.hr\/wp-content\/uploads\/2024\/05\/1714664562341.jpg 960w, https:\/\/drvosan.hr\/wp-content\/uploads\/2024\/05\/1714664562341-300x225.jpg 300w\" sizes=\"auto, (max-width: 960px) 100vw, 960px\" \/><\/a><\/figure>\n\n\n\n<figure class=\"wp-block-image size-full\"><a href=\"https:\/\/drvosan.hr\/wp-content\/uploads\/2024\/05\/Kuh-7.jpg\" target=\"_blank\" rel=\"noopener\" data-rel=\"lightbox-image-8\" data-rl_title=\"\" data-rl_caption=\"\" title=\"\"><img loading=\"lazy\" decoding=\"async\" width=\"960\" height=\"720\" data-id=\"474\" src=\"https:\/\/drvosan.hr\/wp-content\/uploads\/2024\/05\/Kuh-7.jpg\" alt=\"\" class=\"wp-image-474\" srcset=\"https:\/\/drvosan.hr\/wp-content\/uploads\/2024\/05\/Kuh-7.jpg 960w, https:\/\/drvosan.hr\/wp-content\/uploads\/2024\/05\/Kuh-7-300x225.jpg 300w\" sizes=\"auto, (max-width: 960px) 100vw, 960px\" \/><\/a><\/figure>\n\n\n\n<figure class=\"wp-block-image size-full\"><a href=\"https:\/\/drvosan.hr\/wp-content\/uploads\/2024\/05\/Kuh-9.jpg\" target=\"_blank\" rel=\"noopener\" data-rel=\"lightbox-image-9\" data-rl_title=\"\" data-rl_caption=\"\" title=\"\"><img loading=\"lazy\" decoding=\"async\" width=\"960\" height=\"720\" data-id=\"477\" src=\"https:\/\/drvosan.hr\/wp-content\/uploads\/2024\/05\/Kuh-9.jpg\" alt=\"\" class=\"wp-image-477\" srcset=\"https:\/\/drvosan.hr\/wp-content\/uploads\/2024\/05\/Kuh-9.jpg 960w, https:\/\/drvosan.hr\/wp-content\/uploads\/2024\/05\/Kuh-9-300x225.jpg 300w\" sizes=\"auto, (max-width: 960px) 100vw, 960px\" \/><\/a><\/figure>\n\n\n\n<figure class=\"wp-block-image size-full\"><a href=\"https:\/\/drvosan.hr\/wp-content\/uploads\/2024\/05\/kuh-10.jpg\" target=\"_blank\" rel=\"noopener\" data-rel=\"lightbox-image-10\" data-rl_title=\"\" data-rl_caption=\"\" title=\"\"><img loading=\"lazy\" decoding=\"async\" width=\"720\" height=\"960\" data-id=\"475\" src=\"https:\/\/drvosan.hr\/wp-content\/uploads\/2024\/05\/kuh-10.jpg\" alt=\"\" class=\"wp-image-475\" srcset=\"https:\/\/drvosan.hr\/wp-content\/uploads\/2024\/05\/kuh-10.jpg 720w, https:\/\/drvosan.hr\/wp-content\/uploads\/2024\/05\/kuh-10-225x300.jpg 225w\" sizes=\"auto, (max-width: 720px) 100vw, 720px\" \/><\/a><\/figure>\n<\/figure>\n","protected":false},"excerpt":{"rendered":"<p>KUHINJE PO MJERI Kuhinje po mjeri najbolje su rje\u0161enje za ure\u0111enje Va\u0161eg doma. Izra\u0111ujemo kuhinje po va\u0161im \u017eeljama i mjerama od \u0161perplo\u010de, punog drveta i iverala. Kuhinje po mjeri izra\u0111ene su od visokokvalitetnih materijala, okova i namje\u0161taja koji su precizno izra\u0111eni. Nudimo Vam kompletan kuhinjski program:<\/p>\n","protected":false},"author":1,"featured_media":0,"parent":0,"menu_order":0,"comment_status":"closed","ping_status":"closed","template":"","meta":{"ngg_post_thumbnail":0,"inspiro_hide_title":false,"footnotes":""},"class_list":["post-57","page","type-page","status-publish","hentry"],"jetpack_sharing_enabled":true,"_links":{"self":[{"href":"https:\/\/drvosan.hr\/index.php\/wp-json\/wp\/v2\/pages\/57","targetHints":{"allow":["GET"]}}],"collection":[{"href":"https:\/\/drvosan.hr\/index.php\/wp-json\/wp\/v2\/pages"}],"about":[{"href":"https:\/\/drvosan.hr\/index.php\/wp-json\/wp\/v2\/types\/page"}],"author":[{"embeddable":true,"href":"https:\/\/drvosan.hr\/index.php\/wp-json\/wp\/v2\/users\/1"}],"replies":[{"embeddable":true,"href":"https:\/\/drvosan.hr\/index.php\/wp-json\/wp\/v2\/comments?post=57"}],"version-history":[{"count":11,"href":"https:\/\/drvosan.hr\/index.php\/wp-json\/wp\/v2\/pages\/57\/revisions"}],"predecessor-version":[{"id":510,"href":"https:\/\/drvosan.hr\/index.php\/wp-json\/wp\/v2\/pages\/57\/revisions\/510"}],"wp:attachment":[{"href":"https:\/\/drvosan.hr\/index.php\/wp-json\/wp\/v2\/media?parent=57"}],"curies":[{"name":"wp","href":"https:\/\/api.w.org\/{rel}","templated":true}]}}