{"id":162,"date":"2024-04-25T17:55:46","date_gmt":"2024-04-25T17:55:46","guid":{"rendered":"https:\/\/drvosan.hr\/?page_id=162"},"modified":"2024-05-02T13:59:40","modified_gmt":"2024-05-02T13:59:40","slug":"unutarnja-vrata","status":"publish","type":"page","link":"https:\/\/drvosan.hr\/index.php\/unutarnja-vrata\/","title":{"rendered":"Unutarnja vrata"},"content":{"rendered":"\n<p><strong>Sobna vrata<\/strong>&nbsp;su neizostavan element svakog doma, pru\u017eaju\u0107i funkcionalnost i estetiku u jednom. Na\u0161a kolekcija sobnih vrata nudi ti odabir vrata s otvaranjem na&nbsp;lijevo&nbsp;ili&nbsp;desno, &nbsp;kako bi se prilagodila tvojim specifi\u010dnim potrebama i prostoru.<\/p>\n\n\n\n<p>Na\u0161a vrata su izra\u0111ena s posebnom pa\u017enjom prema&nbsp;kvaliteti i izdr\u017eljivost&nbsp;te su dizajnirana da pru\u017ee glatko i tiho otvaranje i zatvaranje, osiguravaju\u0107i miran i ugodan prostor za \u017eivot.<\/p>\n\n\n\n<p>Osim svoje funkcionalnosti, sobna vrata tako\u0111er doprinose estetici prostora. Na\u0161a kolekcija nudi&nbsp;razli\u010dite stilove, boje i materijale&nbsp;kako bi se savr\u0161eno uklopila u svaki interijer. <\/p>\n\n\n\n<div style=\"height:44px\" aria-hidden=\"true\" class=\"wp-block-spacer\"><\/div>\n\n\n\n<div class=\"wp-block-columns is-layout-flex wp-container-core-columns-is-layout-28f84493 wp-block-columns-is-layout-flex\">\n<div class=\"wp-block-column is-layout-flow wp-block-column-is-layout-flow\" style=\"flex-basis:100%\">\n<figure class=\"wp-block-gallery has-nested-images columns-default is-cropped wp-block-gallery-1 is-layout-flex wp-block-gallery-is-layout-flex\">\n<figure class=\"wp-block-image size-large\"><a href=\"https:\/\/drvosan.hr\/wp-content\/uploads\/2024\/04\/402946592_6762164060531536_4060999178780734754_n-1.jpg\" target=\"_blank\" rel=\"noopener\" data-rel=\"lightbox-image-0\" data-rl_title=\"\" data-rl_caption=\"\" title=\"\"><img loading=\"lazy\" decoding=\"async\" width=\"842\" height=\"1024\" data-id=\"357\" src=\"https:\/\/drvosan.hr\/wp-content\/uploads\/2024\/04\/402946592_6762164060531536_4060999178780734754_n-1-842x1024.jpg\" alt=\"\" class=\"wp-image-357\" srcset=\"https:\/\/drvosan.hr\/wp-content\/uploads\/2024\/04\/402946592_6762164060531536_4060999178780734754_n-1-842x1024.jpg 842w, https:\/\/drvosan.hr\/wp-content\/uploads\/2024\/04\/402946592_6762164060531536_4060999178780734754_n-1-247x300.jpg 247w, https:\/\/drvosan.hr\/wp-content\/uploads\/2024\/04\/402946592_6762164060531536_4060999178780734754_n-1.jpg 1536w\" sizes=\"auto, (max-width: 842px) 100vw, 842px\" \/><\/a><\/figure>\n\n\n\n<figure class=\"wp-block-image size-large\"><a href=\"https:\/\/drvosan.hr\/wp-content\/uploads\/2024\/04\/Vrata-1.jpg\" target=\"_blank\" rel=\"noopener\" data-rel=\"lightbox-image-1\" data-rl_title=\"\" data-rl_caption=\"\" title=\"\"><img loading=\"lazy\" decoding=\"async\" width=\"768\" height=\"1024\" data-id=\"364\" src=\"https:\/\/drvosan.hr\/wp-content\/uploads\/2024\/04\/Vrata-1-768x1024.jpg\" alt=\"\" class=\"wp-image-364\" srcset=\"https:\/\/drvosan.hr\/wp-content\/uploads\/2024\/04\/Vrata-1-768x1024.jpg 768w, https:\/\/drvosan.hr\/wp-content\/uploads\/2024\/04\/Vrata-1-225x300.jpg 225w, https:\/\/drvosan.hr\/wp-content\/uploads\/2024\/04\/Vrata-1.jpg 1536w\" sizes=\"auto, (max-width: 768px) 100vw, 768px\" \/><\/a><\/figure>\n\n\n\n<figure class=\"wp-block-image size-large\"><a href=\"https:\/\/drvosan.hr\/wp-content\/uploads\/2024\/04\/vrata-2.jpg\" target=\"_blank\" rel=\"noopener\" data-rel=\"lightbox-image-2\" data-rl_title=\"\" data-rl_caption=\"\" title=\"\"><img loading=\"lazy\" decoding=\"async\" width=\"768\" height=\"1024\" data-id=\"363\" src=\"https:\/\/drvosan.hr\/wp-content\/uploads\/2024\/04\/vrata-2-768x1024.jpg\" alt=\"\" class=\"wp-image-363\" srcset=\"https:\/\/drvosan.hr\/wp-content\/uploads\/2024\/04\/vrata-2-768x1024.jpg 768w, https:\/\/drvosan.hr\/wp-content\/uploads\/2024\/04\/vrata-2-225x300.jpg 225w, https:\/\/drvosan.hr\/wp-content\/uploads\/2024\/04\/vrata-2.jpg 1536w\" sizes=\"auto, (max-width: 768px) 100vw, 768px\" \/><\/a><\/figure>\n\n\n\n<figure class=\"wp-block-image size-large\"><a href=\"https:\/\/drvosan.hr\/wp-content\/uploads\/2024\/04\/Vrata-3.jpg\" target=\"_blank\" rel=\"noopener\" data-rel=\"lightbox-image-3\" data-rl_title=\"\" data-rl_caption=\"\" title=\"\"><img loading=\"lazy\" decoding=\"async\" width=\"768\" height=\"1024\" data-id=\"361\" src=\"https:\/\/drvosan.hr\/wp-content\/uploads\/2024\/04\/Vrata-3-768x1024.jpg\" alt=\"\" class=\"wp-image-361\" srcset=\"https:\/\/drvosan.hr\/wp-content\/uploads\/2024\/04\/Vrata-3-768x1024.jpg 768w, https:\/\/drvosan.hr\/wp-content\/uploads\/2024\/04\/Vrata-3-225x300.jpg 225w, https:\/\/drvosan.hr\/wp-content\/uploads\/2024\/04\/Vrata-3.jpg 1536w\" sizes=\"auto, (max-width: 768px) 100vw, 768px\" \/><\/a><\/figure>\n\n\n\n<figure class=\"wp-block-image size-large\"><a href=\"https:\/\/drvosan.hr\/wp-content\/uploads\/2024\/04\/Vrata-4.jpg\" target=\"_blank\" rel=\"noopener\" data-rel=\"lightbox-image-4\" data-rl_title=\"\" data-rl_caption=\"\" title=\"\"><img loading=\"lazy\" decoding=\"async\" width=\"868\" height=\"1024\" data-id=\"362\" src=\"https:\/\/drvosan.hr\/wp-content\/uploads\/2024\/04\/Vrata-4-868x1024.jpg\" alt=\"\" class=\"wp-image-362\" srcset=\"https:\/\/drvosan.hr\/wp-content\/uploads\/2024\/04\/Vrata-4-868x1024.jpg 868w, https:\/\/drvosan.hr\/wp-content\/uploads\/2024\/04\/Vrata-4-254x300.jpg 254w, https:\/\/drvosan.hr\/wp-content\/uploads\/2024\/04\/Vrata-4.jpg 1536w\" sizes=\"auto, (max-width: 868px) 100vw, 868px\" \/><\/a><\/figure>\n\n\n\n<figure class=\"wp-block-image size-large\"><a href=\"https:\/\/drvosan.hr\/wp-content\/uploads\/2024\/04\/Vrata-5.jpg\" target=\"_blank\" rel=\"noopener\" data-rel=\"lightbox-image-5\" data-rl_title=\"\" data-rl_caption=\"\" title=\"\"><img loading=\"lazy\" decoding=\"async\" width=\"720\" height=\"800\" data-id=\"358\" src=\"https:\/\/drvosan.hr\/wp-content\/uploads\/2024\/04\/Vrata-5.jpg\" alt=\"\" class=\"wp-image-358\" srcset=\"https:\/\/drvosan.hr\/wp-content\/uploads\/2024\/04\/Vrata-5.jpg 720w, https:\/\/drvosan.hr\/wp-content\/uploads\/2024\/04\/Vrata-5-270x300.jpg 270w\" sizes=\"auto, (max-width: 720px) 100vw, 720px\" \/><\/a><\/figure>\n\n\n\n<figure class=\"wp-block-image size-large\"><a href=\"https:\/\/drvosan.hr\/wp-content\/uploads\/2024\/04\/Vrata-6.jpg\" target=\"_blank\" rel=\"noopener\" data-rel=\"lightbox-image-6\" data-rl_title=\"\" data-rl_caption=\"\" title=\"\"><img loading=\"lazy\" decoding=\"async\" width=\"720\" height=\"960\" data-id=\"359\" src=\"https:\/\/drvosan.hr\/wp-content\/uploads\/2024\/04\/Vrata-6.jpg\" alt=\"\" class=\"wp-image-359\" srcset=\"https:\/\/drvosan.hr\/wp-content\/uploads\/2024\/04\/Vrata-6.jpg 720w, https:\/\/drvosan.hr\/wp-content\/uploads\/2024\/04\/Vrata-6-225x300.jpg 225w\" sizes=\"auto, (max-width: 720px) 100vw, 720px\" \/><\/a><\/figure>\n\n\n\n<figure class=\"wp-block-image size-large\"><a href=\"https:\/\/drvosan.hr\/wp-content\/uploads\/2024\/04\/Vrata-7.jpg\" target=\"_blank\" rel=\"noopener\" data-rel=\"lightbox-image-7\" data-rl_title=\"\" data-rl_caption=\"\" title=\"\"><img loading=\"lazy\" decoding=\"async\" width=\"720\" height=\"960\" data-id=\"360\" src=\"https:\/\/drvosan.hr\/wp-content\/uploads\/2024\/04\/Vrata-7.jpg\" alt=\"\" class=\"wp-image-360\" srcset=\"https:\/\/drvosan.hr\/wp-content\/uploads\/2024\/04\/Vrata-7.jpg 720w, https:\/\/drvosan.hr\/wp-content\/uploads\/2024\/04\/Vrata-7-225x300.jpg 225w\" sizes=\"auto, (max-width: 720px) 100vw, 720px\" \/><\/a><\/figure>\n<\/figure>\n<\/div>\n<\/div>\n","protected":false},"excerpt":{"rendered":"<p>Sobna vrata&nbsp;su neizostavan element svakog doma, pru\u017eaju\u0107i funkcionalnost i estetiku u jednom. Na\u0161a kolekcija sobnih vrata nudi ti odabir vrata s otvaranjem na&nbsp;lijevo&nbsp;ili&nbsp;desno, &nbsp;kako bi se prilagodila tvojim specifi\u010dnim potrebama i prostoru. Na\u0161a vrata su izra\u0111ena s posebnom pa\u017enjom prema&nbsp;kvaliteti i izdr\u017eljivost&nbsp;te su dizajnirana da pru\u017ee glatko i tiho otvaranje i zatvaranje, osiguravaju\u0107i miran i &hellip; <\/p>\n<p class=\"link-more\"><a href=\"https:\/\/drvosan.hr\/index.php\/unutarnja-vrata\/\" class=\"more-link\">Read more<span class=\"screen-reader-text\"> &#8220;Unutarnja vrata&#8221;<\/span><\/a><\/p>\n","protected":false},"author":1,"featured_media":0,"parent":0,"menu_order":0,"comment_status":"closed","ping_status":"closed","template":"","meta":{"ngg_post_thumbnail":0,"inspiro_hide_title":false,"footnotes":""},"class_list":["post-162","page","type-page","status-publish","hentry"],"jetpack_sharing_enabled":true,"_links":{"self":[{"href":"https:\/\/drvosan.hr\/index.php\/wp-json\/wp\/v2\/pages\/162","targetHints":{"allow":["GET"]}}],"collection":[{"href":"https:\/\/drvosan.hr\/index.php\/wp-json\/wp\/v2\/pages"}],"about":[{"href":"https:\/\/drvosan.hr\/index.php\/wp-json\/wp\/v2\/types\/page"}],"author":[{"embeddable":true,"href":"https:\/\/drvosan.hr\/index.php\/wp-json\/wp\/v2\/users\/1"}],"replies":[{"embeddable":true,"href":"https:\/\/drvosan.hr\/index.php\/wp-json\/wp\/v2\/comments?post=162"}],"version-history":[{"count":6,"href":"https:\/\/drvosan.hr\/index.php\/wp-json\/wp\/v2\/pages\/162\/revisions"}],"predecessor-version":[{"id":466,"href":"https:\/\/drvosan.hr\/index.php\/wp-json\/wp\/v2\/pages\/162\/revisions\/466"}],"wp:attachment":[{"href":"https:\/\/drvosan.hr\/index.php\/wp-json\/wp\/v2\/media?parent=162"}],"curies":[{"name":"wp","href":"https:\/\/api.w.org\/{rel}","templated":true}]}}